178.173.222.30 - - [09/Nov/2023:21:07:21 +0000] "POST / HTTP/1.1" 200 163 "-" "Go-http-client/1.1"
178.173.222.30 - - [09/Nov/2023:21:07:21 +0000] "POST / HTTP/1.1" 200 163 "-" "Go-http-client/1.1"
178.173.222.30 - - [09/Nov/2023:21:07:22 +0000] "POST / HTTP/1.1" 200 163 "-" "Go-http-client/1.1"
178.173.222.30 - - [09/Nov/2023:21:07:22 +0000] "POST / HTTP/1.1" 200 163 "-" "Go-http-client/1.1"
178.173.222.30 - - [09/Nov/2023:21:07:22 +0000] "POST / HTTP/1.1" 200 163 "-" "Go-http-client/1.1"
178.173.222.30 - - [09/Nov/2023:21:07:22 +0000] "POST / HTTP/1.1" 200 163 "-" "Go-http-client/1.1"
162.19.243.154 - - [09/Nov/2023:21:07:30 +0000] "POST / HTTP/1.1" 200 163 "-" "Go-http-client/1.1"
162.19.243.154 - - [09/Nov/2023:21:07:31 +0000] "POST / HTTP/1.1" 200 163 "-" "Go-http-client/1.1"
36.99.136.129 - - [09/Nov/2023:21:08:02 +0000] "GET / HTTP/1.1" 200 163 "-" "Mozilla/5.0 (Macintosh; Intel Mac OS X 10_15_7) AppleWebKit/537.36 (KHTML, like Gecko) Chrome/96.0.4664.110 Safari/537.36"
36.99.136.136 - - [09/Nov/2023:21:08:10 +0000] "GET / HTTP/1.1" 200 163 "-" "Mozilla/5.0 (Macintosh; Intel Mac OS X 11_0_0) AppleWebKit/537.36 (KHTML, like Gecko) Chrome/87.0.4280.88 Safari/537.36"
36.99.136.136 - - [09/Nov/2023:21:08:13 +0000] "GET /cgi-sys/defaultwebpage.cgi HTTP/1.1" 200 6974 "http://www.coderfinancegroupvirtual.com/" "Mozilla/5.0 (Macintosh; Intel Mac OS X 11_0_0) AppleWebKit/537.36 (KHTML, like Gecko) Chrome/87.0.4280.88 Safari/537.36"
95.217.186.178 - - [09/Nov/2023:21:08:28 +0000] "POST / HTTP/1.1" 200 163 "-" "Go-http-client/1.1"
95.217.186.178 - - [09/Nov/2023:21:08:28 +0000] "POST / HTTP/1.1" 200 163 "-" "Go-http-client/1.1"
95.217.186.178 - - [09/Nov/2023:21:08:28 +0000] "POST / HTTP/1.1" 200 163 "-" "Go-http-client/1.1"
95.217.186.178 - - [09/Nov/2023:21:08:29 +0000] "POST / HTTP/1.1" 200 163 "-" "Go-http-client/1.1"
95.217.186.178 - - [09/Nov/2023:21:08:29 +0000] "POST / HTTP/1.1" 200 163 "-" "Go-http-client/1.1"
95.217.186.178 - - [09/Nov/2023:21:08:29 +0000] "POST / HTTP/1.1" 200 163 "-" "Go-http-client/1.1"
95.217.186.178 - - [09/Nov/2023:21:08:29 +0000] "POST / HTTP/1.1" 200 163 "-" "Go-http-client/1.1"
172.234.16.106 - - [09/Nov/2023:21:08:35 +0000] "POST / HTTP/1.1" 200 163 "-" "Go-http-client/1.1"
185.231.114.186 - - [09/Nov/2023:21:08:56 +0000] "POST / HTTP/1.1" 200 163 "-" "Go-http-client/1.1"
164.215.212.209 - - [09/Nov/2023:21:08:59 +0000] "POST / HTTP/1.1" 200 163 "-" "Go-http-client/1.1"
89.38.227.82 - - [09/Nov/2023:21:09:22 +0000] "POST / HTTP/1.1" 200 163 "-" "Go-http-client/1.1"
89.38.227.82 - - [09/Nov/2023:21:09:23 +0000] "POST / HTTP/1.1" 200 163 "-" "Go-http-client/1.1"
89.38.227.82 - - [09/Nov/2023:21:09:23 +0000] "POST / HTTP/1.1" 200 163 "-" "Go-http-client/1.1"
89.38.227.82 - - [09/Nov/2023:21:09:23 +0000] "POST / HTTP/1.1" 200 163 "-" "Go-http-client/1.1"
89.38.227.82 - - [09/Nov/2023:21:09:24 +0000] "POST / HTTP/1.1" 200 163 "-" "Go-http-client/1.1"
89.38.227.82 - - [09/Nov/2023:21:09:24 +0000] "POST / HTTP/1.1" 200 163 "-" "Go-http-client/1.1"
31.14.83.23 - - [09/Nov/2023:21:09:28 +0000] "POST / HTTP/1.1" 200 163 "-" "Go-http-client/1.1"
61.5.202.25 - - [09/Nov/2023:21:09:35 +0000] "POST / HTTP/1.1" 200 163 "-" "Mozilla/5.0 (Macintosh; Intel Mac OS X 10_12_3) AppleWebKit/537.36 (KHTML, like Gecko) Chrome/56.0.2924.87 Safari/537.36"
61.5.202.25 - - [09/Nov/2023:21:09:35 +0000] "POST / HTTP/1.1" 200 163 "-" "Mozilla/5.0 (Macintosh; Intel Mac OS X 10_12_3) AppleWebKit/537.36 (KHTML, like Gecko) Chrome/56.0.2924.87 Safari/537.36"
61.5.202.25 - - [09/Nov/2023:21:09:35 +0000] "POST / HTTP/1.1" 200 163 "-" "Mozilla/5.0 (Macintosh; Intel Mac OS X 10_12_3) AppleWebKit/537.36 (KHTML, like Gecko) Chrome/56.0.2924.87 Safari/537.36"
154.127.54.49 - - [09/Nov/2023:21:09:36 +0000] "GET / HTTP/1.1" 200 163 "-" "Mozilla/5.0 (Macintosh; Intel Mac OS X 10_15_7) AppleWebKit/537.36 (KHTML, like Gecko) Chrome/96.0.4664.110 Safari/537.36"
61.5.202.25 - - [09/Nov/2023:21:09:36 +0000] "POST / HTTP/1.1" 200 163 "-" "Mozilla/5.0 (Macintosh; Intel Mac OS X 10_12_3) AppleWebKit/537.36 (KHTML, like Gecko) Chrome/56.0.2924.87 Safari/537.36"
61.5.202.25 - - [09/Nov/2023:21:09:36 +0000] "POST / HTTP/1.1" 200 163 "-" "Mozilla/5.0 (Macintosh; Intel Mac OS X 10_12_3) AppleWebKit/537.36 (KHTML, like Gecko) Chrome/56.0.2924.87 Safari/537.36"
61.5.202.25 - - [09/Nov/2023:21:09:36 +0000] "POST / HTTP/1.1" 200 163 "-" "Mozilla/5.0 (Macintosh; Intel Mac OS X 10_12_3) AppleWebKit/537.36 (KHTML, like Gecko) Chrome/56.0.2924.87 Safari/537.36"
146.70.192.180 - - [09/Nov/2023:21:09:41 +0000] "GET / HTTP/1.1" 200 163 "-" "Mozilla/5.0 (Macintosh; Intel Mac OS X 11_0_0) AppleWebKit/537.36 (KHTML, like Gecko) Chrome/87.0.4280.88 Safari/537.36"
185.166.84.142 - - [09/Nov/2023:21:09:45 +0000] "GET /cgi-sys/defaultwebpage.cgi HTTP/1.1" 200 6946 "http://www.purchasebb.org/" "Mozilla/5.0 (Macintosh; Intel Mac OS X 11_0_0) AppleWebKit/537.36 (KHTML, like Gecko) Chrome/87.0.4280.88 Safari/537.36"
176.9.233.89 - - [09/Nov/2023:21:09:47 +0000] "POST / HTTP/1.1" 200 163 "-" "Go-http-client/1.1"
176.9.233.89 - - [09/Nov/2023:21:09:47 +0000] "POST / HTTP/1.1" 200 163 "-" "Go-http-client/1.1"
176.9.233.89 - - [09/Nov/2023:21:09:48 +0000] "POST / HTTP/1.1" 200 163 "-" "Go-http-client/1.1"
176.9.233.89 - - [09/Nov/2023:21:09:48 +0000] "POST / HTTP/1.1" 200 163 "-" "Go-http-client/1.1"
176.9.233.89 - - [09/Nov/2023:21:09:48 +0000] "POST / HTTP/1.1" 200 163 "-" "Go-http-client/1.1"
128.140.101.252 - - [09/Nov/2023:21:09:48 +0000] "POST / HTTP/1.1" 200 163 "-" "Go-http-client/1.1"
128.140.101.252 - - [09/Nov/2023:21:09:48 +0000] "POST / HTTP/1.1" 200 163 "-" "Go-http-client/1.1"
128.140.101.252 - - [09/Nov/2023:21:09:49 +0000] "POST / HTTP/1.1" 200 163 "-" "Go-http-client/1.1"
128.140.101.252 - - [09/Nov/2023:21:09:49 +0000] "POST / HTTP/1.1" 200 163 "-" "Go-http-client/1.1"
104.28.155.186 - - [09/Nov/2023:21:09:55 +0000] "POST / HTTP/1.1" 200 163 "-" "Go-http-client/1.1"
104.28.155.186 - - [09/Nov/2023:21:09:55 +0000] "POST / HTTP/1.1" 200 163 "-" "Go-http-client/1.1"
5.78.104.173 - - [09/Nov/2023:21:09:55 +0000] "POST / HTTP/1.1" 200 163 "-" "Go-http-client/1.1"
104.28.155.186 - - [09/Nov/2023:21:09:55 +0000] "POST / HTTP/1.1" 200 163 "-" "Go-http-client/1.1"
5.78.104.173 - - [09/Nov/2023:21:09:56 +0000] "POST / HTTP/1.1" 200 163 "-" "Go-http-client/1.1"
5.78.104.173 - - [09/Nov/2023:21:09:56 +0000] "POST / HTTP/1.1" 200 163 "-" "Go-http-client/1.1"
154.127.54.49 - - [09/Nov/2023:21:10:00 +0000] "GET /favicon.ico HTTP/1.1" 404 10088 "-" "Mozilla/5.0 (Macintosh; Intel Mac OS X 10_15_7) AppleWebKit/537.36 (KHTML, like Gecko) Chrome/96.0.4664.110 Safari/537.36"
127.0.0.1 - - [09/Nov/2023:21:10:01 +0000] "GET /whm-server-status HTTP/1.0" 200 39926 "-" "-"
172.105.161.158 - - [09/Nov/2023:21:10:06 +0000] "POST / HTTP/1.1" 200 163 "-" "Go-http-client/1.1"
172.105.161.158 - - [09/Nov/2023:21:10:07 +0000] "POST / HTTP/1.1" 200 163 "-" "Go-http-client/1.1"
172.105.161.158 - - [09/Nov/2023:21:10:08 +0000] "POST / HTTP/1.1" 200 163 "-" "Go-http-client/1.1"
172.105.161.158 - - [09/Nov/2023:21:10:09 +0000] "POST / HTTP/1.1" 200 163 "-" "Go-http-client/1.1"
5.232.49.211 - - [09/Nov/2023:21:10:12 +0000] "POST / HTTP/1.1" 200 163 "-" "Go-http-client/1.1"
5.232.49.211 - - [09/Nov/2023:21:10:12 +0000] "POST / HTTP/1.1" 200 163 "-" "Go-http-client/1.1"
2.183.131.31 - - [09/Nov/2023:21:10:12 +0000] "POST / HTTP/1.1" 200 163 "-" "Go-http-client/1.1"
5.232.49.211 - - [09/Nov/2023:21:10:13 +0000] "POST / HTTP/1.1" 200 163 "-" "Go-http-client/1.1"
2.183.131.31 - - [09/Nov/2023:21:10:13 +0000] "POST / HTTP/1.1" 200 163 "-" "Go-http-client/1.1"
194.87.45.52 - - [09/Nov/2023:21:10:13 +0000] "POST / HTTP/1.1" 200 163 "-" "Go-http-client/1.1"
194.87.45.52 - - [09/Nov/2023:21:10:14 +0000] "POST / HTTP/1.1" 200 163 "-" "Go-http-client/1.1"
51.89.15.249 - - [09/Nov/2023:21:10:18 +0000] "POST / HTTP/1.1" 200 163 "-" "Go-http-client/1.1"
51.89.15.249 - - [09/Nov/2023:21:10:19 +0000] "POST / HTTP/1.1" 200 163 "-" "Go-http-client/1.1"
51.89.15.249 - - [09/Nov/2023:21:10:19 +0000] "POST / HTTP/1.1" 200 163 "-" "Go-http-client/1.1"
159.69.31.208 - - [09/Nov/2023:21:10:21 +0000] "POST / HTTP/1.1" 200 163 "-" "Go-http-client/1.1"
159.69.31.208 - - [09/Nov/2023:21:10:22 +0000] "POST / HTTP/1.1" 200 163 "-" "Go-http-client/1.1"
159.69.31.208 - - [09/Nov/2023:21:10:22 +0000] "POST / HTTP/1.1" 200 163 "-" "Go-http-client/1.1"
159.69.31.208 - - [09/Nov/2023:21:10:23 +0000] "POST / HTTP/1.1" 200 163 "-" "Go-http-client/1.1"
159.69.31.208 - - [09/Nov/2023:21:10:23 +0000] "POST / HTTP/1.1" 200 163 "-" "Go-http-client/1.1"
162.55.179.103 - - [09/Nov/2023:21:10:38 +0000] "POST / HTTP/1.1" 200 163 "-" "Go-http-client/1.1"
162.55.179.103 - - [09/Nov/2023:21:10:39 +0000] "POST / HTTP/1.1" 200 163 "-" "Go-http-client/1.1"
162.55.179.103 - - [09/Nov/2023:21:10:39 +0000] "POST / HTTP/1.1" 200 163 "-" "Go-http-client/1.1"
162.55.179.103 - - [09/Nov/2023:21:10:40 +0000] "POST / HTTP/1.1" 200 163 "-" "Go-http-client/1.1"
162.55.179.103 - - [09/Nov/2023:21:10:41 +0000] "POST / HTTP/1.1" 200 163 "-" "Go-http-client/1.1"
111.7.96.173 - - [09/Nov/2023:21:10:49 +0000] "GET / HTTP/1.1" 200 163 "-" "Mozilla/5.0 (Macintosh; Intel Mac OS X 10_15_7) AppleWebKit/537.36 (KHTML, like Gecko) Chrome/96.0.4664.110 Safari/537.36"
111.7.96.173 - - [09/Nov/2023:21:10:50 +0000] "GET / HTTP/1.1" 200 163 "-" "Mozilla/5.0 (Macintosh; Intel Mac OS X 11_0_0) AppleWebKit/537.36 (KHTML, like Gecko) Chrome/87.0.4280.88 Safari/537.36"
111.7.96.173 - - [09/Nov/2023:21:10:51 +0000] "GET /cgi-sys/defaultwebpage.cgi HTTP/1.1" 200 6972 "http://unitedaceorlandosecrets.com/" "Mozilla/5.0 (Macintosh; Intel Mac OS X 11_0_0) AppleWebKit/537.36 (KHTML, like Gecko) Chrome/87.0.4280.88 Safari/537.36"
36.99.136.128 - - [09/Nov/2023:21:10:51 +0000] "GET / HTTP/1.1" 200 163 "-" "Mozilla/5.0 (Macintosh; Intel Mac OS X 10_15_7) AppleWebKit/537.36 (KHTML, like Gecko) Chrome/96.0.4664.110 Safari/537.36"
111.7.96.173 - - [09/Nov/2023:21:10:58 +0000] "GET /favicon.ico HTTP/1.1" 404 10115 "-" "Mozilla/5.0 (Macintosh; Intel Mac OS X 10_15_7) AppleWebKit/537.36 (KHTML, like Gecko) Chrome/96.0.4664.110 Safari/537.36"
146.70.192.180 - - [09/Nov/2023:21:11:07 +0000] "GET / HTTP/1.1" 200 163 "-" "Mozilla/5.0 (Macintosh; Intel Mac OS X 11_0_0) AppleWebKit/537.36 (KHTML, like Gecko) Chrome/87.0.4280.88 Safari/537.36"
151.234.163.28 - - [09/Nov/2023:21:06:11 +0000] "POST / HTTP/1.1" 404 - "-" "Go-http-client/1.1"
146.70.192.180 - - [09/Nov/2023:21:11:14 +0000] "GET /cgi-sys/defaultwebpage.cgi HTTP/1.1" 200 6964 "http://www.coloradomixluxsteel.com/" "Mozilla/5.0 (Macintosh; Intel Mac OS X 11_0_0) AppleWebKit/537.36 (KHTML, like Gecko) Chrome/87.0.4280.88 Safari/537.36"
51.89.95.95 - - [09/Nov/2023:21:11:17 +0000] "POST / HTTP/1.1" 200 163 "-" "Go-http-client/1.1"
95.162.243.143 - - [09/Nov/2023:21:12:06 +0000] "POST / HTTP/1.1" 200 163 "-" "Go-http-client/1.1"
154.127.54.49 - - [09/Nov/2023:21:12:42 +0000] "GET / HTTP/1.1" 200 163 "-" "Mozilla/5.0 (Macintosh; Intel Mac OS X 10_15_7) AppleWebKit/537.36 (KHTML, like Gecko) Chrome/96.0.4664.110 Safari/537.36"
185.166.84.142 - - [09/Nov/2023:21:12:43 +0000] "GET / HTTP/1.1" 200 163 "-" "Mozilla/5.0 (Macintosh; Intel Mac OS X 11_0_0) AppleWebKit/537.36 (KHTML, like Gecko) Chrome/87.0.4280.88 Safari/537.36"
185.166.84.142 - - [09/Nov/2023:21:12:46 +0000] "GET /cgi-sys/defaultwebpage.cgi HTTP/1.1" 200 6952 "http://www.clipitalyholo.com/" "Mozilla/5.0 (Macintosh; Intel Mac OS X 11_0_0) AppleWebKit/537.36 (KHTML, like Gecko) Chrome/87.0.4280.88 Safari/537.36"
154.127.54.49 - - [09/Nov/2023:21:12:49 +0000] "GET /favicon.ico HTTP/1.1" 404 10097 "-" "Mozilla/5.0 (Macintosh; Intel Mac OS X 10_15_7) AppleWebKit/537.36 (KHTML, like Gecko) Chrome/96.0.4664.110 Safari/537.36"
194.33.47.139 - - [09/Nov/2023:21:13:00 +0000] "POST / HTTP/1.1" 200 163 "-" "Go-http-client/1.1"
194.33.47.139 - - [09/Nov/2023:21:13:03 +0000] "POST / HTTP/1.1" 200 163 "-" "Go-http-client/1.1"
36.99.136.129 - - [09/Nov/2023:21:13:09 +0000] "GET / HTTP/1.1" 200 163 "-" "Mozilla/5.0 (Macintosh; Intel Mac OS X 10_15_7) AppleWebKit/537.36 (KHTML, like Gecko) Chrome/96.0.4664.110 Safari/537.36"
154.127.54.49 - - [09/Nov/2023:21:13:16 +0000] "GET / HTTP/1.1" 200 163 "-" "Mozilla/5.0 (Macintosh; Intel Mac OS X 11_0_0) AppleWebKit/537.36 (KHTML, like Gecko) Chrome/87.0.4280.88 Safari/537.36"
36.99.136.136 - - [09/Nov/2023:21:13:17 +0000] "GET /cgi-sys/defaultwebpage.cgi HTTP/1.1" 200 6950 "http://kitegigboard.net/" "Mozilla/5.0 (Macintosh; Intel Mac OS X 11_0_0) AppleWebKit/537.36 (KHTML, like Gecko) Chrome/87.0.4280.88 Safari/537.36"
36.99.136.129 - - [09/Nov/2023:21:13:21 +0000] "GET /favicon.ico HTTP/1.1" 404 10082 "-" "Mozilla/5.0 (Macintosh; Intel Mac OS X 10_15_7) AppleWebKit/537.36 (KHTML, like Gecko) Chrome/96.0.4664.110 Safari/537.36"
5.75.195.238 - - [09/Nov/2023:21:13:32 +0000] "POST / HTTP/1.1" 200 163 "-" "Go-http-client/1.1"
5.75.195.238 - - [09/Nov/2023:21:13:32 +0000] "POST / HTTP/1.1" 200 163 "-" "Go-http-client/1.1"
5.75.195.238 - - [09/Nov/2023:21:13:32 +0000] "POST / HTTP/1.1" 200 163 "-" "Go-http-client/1.1"
5.75.195.238 - - [09/Nov/2023:21:13:33 +0000] "POST / HTTP/1.1" 200 163 "-" "Go-http-client/1.1"
185.166.84.142 - - [09/Nov/2023:21:13:38 +0000] "GET / HTTP/1.1" 200 163 "-" "Mozilla/5.0 (Macintosh; Intel Mac OS X 10_15_7) AppleWebKit/537.36 (KHTML, like Gecko) Chrome/96.0.4664.110 Safari/537.36"
5.78.81.83 - - [09/Nov/2023:21:13:45 +0000] "POST / HTTP/1.1" 200 163 "-" "Go-http-client/1.1"
5.78.81.83 - - [09/Nov/2023:21:13:46 +0000] "POST / HTTP/1.1" 200 163 "-" "Go-http-client/1.1"
5.78.81.83 - - [09/Nov/2023:21:13:48 +0000] "POST / HTTP/1.1" 200 163 "-" "Go-http-client/1.1"
185.166.84.142 - - [09/Nov/2023:21:13:49 +0000] "GET /favicon.ico HTTP/1.1" 404 10121 "-" "Mozilla/5.0 (Macintosh; Intel Mac OS X 10_15_7) AppleWebKit/537.36 (KHTML, like Gecko) Chrome/96.0.4664.110 Safari/537.36"
104.28.246.162 - - [09/Nov/2023:21:13:54 +0000] "POST / HTTP/1.1" 200 163 "-" "Go-http-client/1.1"
104.28.246.162 - - [09/Nov/2023:21:13:54 +0000] "POST / HTTP/1.1" 200 163 "-" "Go-http-client/1.1"
104.28.246.162 - - [09/Nov/2023:21:13:54 +0000] "POST / HTTP/1.1" 200 163 "-" "Go-http-client/1.1"
104.28.246.162 - - [09/Nov/2023:21:13:55 +0000] "POST / HTTP/1.1" 200 163 "-" "Go-http-client/1.1"
128.140.42.228 - - [09/Nov/2023:21:14:00 +0000] "POST / HTTP/1.1" 200 163 "-" "Go-http-client/1.1"
127.0.0.1 - - [09/Nov/2023:21:14:00 +0000] "GET / HTTP/1.0" 200 163 "-" "-"
128.140.42.228 - - [09/Nov/2023:21:14:00 +0000] "POST / HTTP/1.1" 200 163 "-" "Go-http-client/1.1"
128.140.42.228 - - [09/Nov/2023:21:14:00 +0000] "POST / HTTP/1.1" 200 163 "-" "Go-http-client/1.1"
128.140.42.228 - - [09/Nov/2023:21:14:01 +0000] "POST / HTTP/1.1" 200 163 "-" "Go-http-client/1.1"
138.199.52.143 - - [09/Nov/2023:21:14:13 +0000] "POST / HTTP/1.1" 200 163 "-" "Go-http-client/1.1"
138.199.52.143 - - [09/Nov/2023:21:14:14 +0000] "POST / HTTP/1.1" 200 163 "-" "Go-http-client/1.1"
138.199.52.143 - - [09/Nov/2023:21:14:15 +0000] "POST / HTTP/1.1" 200 163 "-" "Go-http-client/1.1"
138.199.52.143 - - [09/Nov/2023:21:14:16 +0000] "POST / HTTP/1.1" 200 163 "-" "Go-http-client/1.1"
104.28.159.12 - - [09/Nov/2023:21:14:38 +0000] "POST / HTTP/1.1" 200 163 "-" "Go-http-client/1.1"
104.28.159.12 - - [09/Nov/2023:21:14:40 +0000] "POST / HTTP/1.1" 200 163 "-" "Go-http-client/1.1"
104.28.159.12 - - [09/Nov/2023:21:14:42 +0000] "POST / HTTP/1.1" 200 163 "-" "Go-http-client/1.1"
104.28.159.12 - - [09/Nov/2023:21:14:45 +0000] "POST / HTTP/1.1" 200 163 "-" "Go-http-client/1.1"
185.166.84.142 - - [09/Nov/2023:21:14:54 +0000] "GET / HTTP/1.1" 200 163 "-" "Mozilla/5.0 (Macintosh; Intel Mac OS X 10_15_7) AppleWebKit/537.36 (KHTML, like Gecko) Chrome/96.0.4664.110 Safari/537.36"
146.70.192.180 - - [09/Nov/2023:21:15:00 +0000] "GET / HTTP/1.1" 200 163 "-" "Mozilla/5.0 (Macintosh; Intel Mac OS X 10_15_7) AppleWebKit/537.36 (KHTML, like Gecko) Chrome/96.0.4664.110 Safari/537.36"
36.99.136.128 - - [09/Nov/2023:21:15:01 +0000] "GET / HTTP/1.1" 200 163 "-" "Mozilla/5.0 (Macintosh; Intel Mac OS X 10_15_7) AppleWebKit/537.36 (KHTML, like Gecko) Chrome/96.0.4664.110 Safari/537.36"
154.127.54.49 - - [09/Nov/2023:21:15:01 +0000] "GET / HTTP/1.1" 200 163 "-" "Mozilla/5.0 (Macintosh; Intel Mac OS X 11_0_0) AppleWebKit/537.36 (KHTML, like Gecko) Chrome/87.0.4280.88 Safari/537.36"
127.0.0.1 - - [09/Nov/2023:21:15:01 +0000] "GET /whm-server-status HTTP/1.0" 200 40013 "-" "-"
154.127.54.49 - - [09/Nov/2023:21:15:01 +0000] "GET /cgi-sys/defaultwebpage.cgi HTTP/1.1" 200 6966 "http://www.legacyyooiheartlinks.org/" "Mozilla/5.0 (Macintosh; Intel Mac OS X 11_0_0) AppleWebKit/537.36 (KHTML, like Gecko) Chrome/87.0.4280.88 Safari/537.36"
154.127.54.49 - - [09/Nov/2023:21:15:06 +0000] "GET /favicon.ico HTTP/1.1" 404 10079 "-" "Mozilla/5.0 (Macintosh; Intel Mac OS X 10_15_7) AppleWebKit/537.36 (KHTML, like Gecko) Chrome/96.0.4664.110 Safari/537.36"
139.144.79.129 - - [09/Nov/2023:21:15:07 +0000] "POST / HTTP/1.1" 200 163 "-" "Go-http-client/1.1"
139.144.79.129 - - [09/Nov/2023:21:15:08 +0000] "POST / HTTP/1.1" 200 163 "-" "Go-http-client/1.1"
139.144.79.129 - - [09/Nov/2023:21:15:08 +0000] "POST / HTTP/1.1" 200 163 "-" "Go-http-client/1.1"
139.144.79.129 - - [09/Nov/2023:21:15:09 +0000] "POST / HTTP/1.1" 200 163 "-" "Go-http-client/1.1"
154.127.54.49 - - [09/Nov/2023:21:15:10 +0000] "GET /favicon.ico HTTP/1.1" 404 10118 "-" "Mozilla/5.0 (Macintosh; Intel Mac OS X 10_15_7) AppleWebKit/537.36 (KHTML, like Gecko) Chrome/96.0.4664.110 Safari/537.36"
46.105.63.44 - - [09/Nov/2023:21:15:11 +0000] "POST / HTTP/1.1" 200 163 "-" "Go-http-client/1.1"
46.105.63.44 - - [09/Nov/2023:21:15:11 +0000] "POST / HTTP/1.1" 200 163 "-" "Go-http-client/1.1"
46.105.63.44 - - [09/Nov/2023:21:15:12 +0000] "POST / HTTP/1.1" 200 163 "-" "Go-http-client/1.1"
46.105.63.44 - - [09/Nov/2023:21:15:12 +0000] "POST / HTTP/1.1" 200 163 "-" "Go-http-client/1.1"
46.105.63.44 - - [09/Nov/2023:21:15:12 +0000] "POST / HTTP/1.1" 200 163 "-" "Go-http-client/1.1"
46.105.63.44 - - [09/Nov/2023:21:15:12 +0000] "POST / HTTP/1.1" 200 163 "-" "Go-http-client/1.1"
46.105.63.44 - - [09/Nov/2023:21:15:12 +0000] "POST / HTTP/1.1" 200 163 "-" "Go-http-client/1.1"
109.163.231.106 - - [09/Nov/2023:21:15:22 +0000] "POST / HTTP/1.1" 200 163 "-" "Go-http-client/1.1"
45.149.174.7 - - [09/Nov/2023:21:15:36 +0000] "POST / HTTP/1.1" 200 163 "-" "Go-http-client/1.1"
37.187.71.5 - - [09/Nov/2023:21:15:37 +0000] "POST / HTTP/1.1" 200 163 "-" "Go-http-client/1.1"
37.187.71.5 - - [09/Nov/2023:21:15:37 +0000] "POST / HTTP/1.1" 200 163 "-" "Go-http-client/1.1"
37.187.71.5 - - [09/Nov/2023:21:15:38 +0000] "POST / HTTP/1.1" 200 163 "-" "Go-http-client/1.1"
37.187.71.5 - - [09/Nov/2023:21:15:38 +0000] "POST / HTTP/1.1" 200 163 "-" "Go-http-client/1.1"
37.187.71.5 - - [09/Nov/2023:21:15:38 +0000] "POST / HTTP/1.1" 200 163 "-" "Go-http-client/1.1"
37.187.71.5 - - [09/Nov/2023:21:15:38 +0000] "POST / HTTP/1.1" 200 163 "-" "Go-http-client/1.1"
::1 - - [09/Nov/2023:21:15:42 +0000] "OPTIONS * HTTP/1.0" 200 - "-" "Apache/2.4.54 (cPanel) OpenSSL/1.1.1k mod_bwlimited/1.4 (internal dummy connection)"
::1 - - [09/Nov/2023:21:15:45 +0000] "OPTIONS * HTTP/1.0" 200 - "-" "Apache/2.4.54 (cPanel) OpenSSL/1.1.1k mod_bwlimited/1.4 (internal dummy connection)"
::1 - - [09/Nov/2023:21:15:46 +0000] "OPTIONS * HTTP/1.0" 200 - "-" "Apache/2.4.54 (cPanel) OpenSSL/1.1.1k mod_bwlimited/1.4 (internal dummy connection)"
23.239.17.64 - - [09/Nov/2023:21:15:44 +0000] "POST / HTTP/1.1" 200 163 "-" "Go-http-client/1.1"
23.239.17.64 - - [09/Nov/2023:21:15:49 +0000] "POST / HTTP/1.1" 200 163 "-" "Go-http-client/1.1"
185.231.205.115 - - [09/Nov/2023:21:15:54 +0000] "POST / HTTP/1.1" 200 163 "-" "Go-http-client/1.1"
185.231.205.115 - - [09/Nov/2023:21:15:54 +0000] "POST / HTTP/1.1" 200 163 "-" "Go-http-client/1.1"
185.231.205.115 - - [09/Nov/2023:21:15:54 +0000] "POST / HTTP/1.1" 200 163 "-" "Go-http-client/1.1"
185.231.205.115 - - [09/Nov/2023:21:15:54 +0000] "POST / HTTP/1.1" 200 163 "-" "Go-http-client/1.1"
185.231.205.115 - - [09/Nov/2023:21:15:54 +0000] "POST / HTTP/1.1" 200 163 "-" "Go-http-client/1.1"
185.231.205.115 - - [09/Nov/2023:21:15:55 +0000] "POST / HTTP/1.1" 200 163 "-" "Go-http-client/1.1"
185.231.205.115 - - [09/Nov/2023:21:15:55 +0000] "POST / HTTP/1.1" 200 163 "-" "Go-http-client/1.1"
185.231.205.115 - - [09/Nov/2023:21:15:55 +0000] "POST / HTTP/1.1" 200 163 "-" "Go-http-client/1.1"
173.255.203.19 - - [09/Nov/2023:21:15:56 +0000] "POST / HTTP/1.1" 200 163 "-" "Go-http-client/1.1"
173.255.203.19 - - [09/Nov/2023:21:15:58 +0000] "POST / HTTP/1.1" 200 163 "-" "Go-http-client/1.1"
::1 - - [09/Nov/2023:21:16:01 +0000] "OPTIONS * HTTP/1.0" 200 - "-" "Apache/2.4.54 (cPanel) OpenSSL/1.1.1k mod_bwlimited/1.4 (internal dummy connection)"
142.202.51.102 - - [09/Nov/2023:21:16:04 +0000] "POST / HTTP/1.1" 200 163 "-" "Go-http-client/1.1"
142.202.51.102 - - [09/Nov/2023:21:16:04 +0000] "POST / HTTP/1.1" 200 163 "-" "Go-http-client/1.1"
142.202.51.102 - - [09/Nov/2023:21:16:04 +0000] "POST / HTTP/1.1" 200 163 "-" "Go-http-client/1.1"
142.202.51.102 - - [09/Nov/2023:21:16:05 +0000] "POST / HTTP/1.1" 200 163 "-" "Go-http-client/1.1"
142.202.51.102 - - [09/Nov/2023:21:16:05 +0000] "POST / HTTP/1.1" 200 163 "-" "Go-http-client/1.1"
154.127.54.49 - - [09/Nov/2023:21:16:17 +0000] "GET / HTTP/1.1" 200 163 "-" "Mozilla/5.0 (Macintosh; Intel Mac OS X 10_15_7) AppleWebKit/537.36 (KHTML, like Gecko) Chrome/96.0.4664.110 Safari/537.36"
154.127.54.49 - - [09/Nov/2023:21:16:22 +0000] "GET / HTTP/1.1" 200 163 "-" "Mozilla/5.0 (Macintosh; Intel Mac OS X 11_0_0) AppleWebKit/537.36 (KHTML, like Gecko) Chrome/87.0.4280.88 Safari/537.36"
154.127.54.49 - - [09/Nov/2023:21:16:23 +0000] "GET /cgi-sys/defaultwebpage.cgi HTTP/1.1" 200 6962 "http://www.skindrinkbidmarine.net/" "Mozilla/5.0 (Macintosh; Intel Mac OS X 11_0_0) AppleWebKit/537.36 (KHTML, like Gecko) Chrome/87.0.4280.88 Safari/537.36"
::1 - - [09/Nov/2023:21:16:29 +0000] "OPTIONS * HTTP/1.0" 200 - "-" "Apache/2.4.54 (cPanel) OpenSSL/1.1.1k mod_bwlimited/1.4 (internal dummy connection)"
::1 - - [09/Nov/2023:21:16:30 +0000] "OPTIONS * HTTP/1.0" 200 - "-" "Apache/2.4.54 (cPanel) OpenSSL/1.1.1k mod_bwlimited/1.4 (internal dummy connection)"
146.70.192.180 - - [09/Nov/2023:21:16:34 +0000] "GET / HTTP/1.1" 200 163 "-" "Mozilla/5.0 (Macintosh; Intel Mac OS X 10_15_7) AppleWebKit/537.36 (KHTML, like Gecko) Chrome/96.0.4664.110 Safari/537.36"
154.127.54.49 - - [09/Nov/2023:21:16:35 +0000] "GET / HTTP/1.1" 200 163 "-" "Mozilla/5.0 (Macintosh; Intel Mac OS X 11_0_0) AppleWebKit/537.36 (KHTML, like Gecko) Chrome/87.0.4280.88 Safari/537.36"
154.127.54.49 - - [09/Nov/2023:21:16:35 +0000] "GET /cgi-sys/defaultwebpage.cgi HTTP/1.1" 200 6958 "http://www.batteryoceanheat.net/" "Mozilla/5.0 (Macintosh; Intel Mac OS X 11_0_0) AppleWebKit/537.36 (KHTML, like Gecko) Chrome/87.0.4280.88 Safari/537.36"
185.166.84.142 - - [09/Nov/2023:21:16:40 +0000] "GET /favicon.ico HTTP/1.1" 404 10112 "-" "Mozilla/5.0 (Macintosh; Intel Mac OS X 10_15_7) AppleWebKit/537.36 (KHTML, like Gecko) Chrome/96.0.4664.110 Safari/537.36"
36.99.136.128 - - [09/Nov/2023:21:16:43 +0000] "GET / HTTP/1.1" 200 163 "-" "Mozilla/5.0 (Macintosh; Intel Mac OS X 10_15_7) AppleWebKit/537.36 (KHTML, like Gecko) Chrome/96.0.4664.110 Safari/537.36"
5.78.70.63 - - [09/Nov/2023:21:16:43 +0000] "POST / HTTP/1.1" 200 163 "-" "Go-http-client/1.1"
5.78.70.63 - - [09/Nov/2023:21:16:44 +0000] "POST / HTTP/1.1" 200 163 "-" "Go-http-client/1.1"
36.99.136.137 - - [09/Nov/2023:21:16:44 +0000] "GET / HTTP/1.1" 200 163 "-" "Mozilla/5.0 (Macintosh; Intel Mac OS X 11_0_0) AppleWebKit/537.36 (KHTML, like Gecko) Chrome/87.0.4280.88 Safari/537.36"
154.127.54.49 - - [09/Nov/2023:21:16:44 +0000] "GET /favicon.ico HTTP/1.1" 404 10106 "-" "Mozilla/5.0 (Macintosh; Intel Mac OS X 10_15_7) AppleWebKit/537.36 (KHTML, like Gecko) Chrome/96.0.4664.110 Safari/537.36"
36.99.136.137 - - [09/Nov/2023:21:16:45 +0000] "GET /cgi-sys/defaultwebpage.cgi HTTP/1.1" 200 6956 "http://www.socialchemmaker.org/" "Mozilla/5.0 (Macintosh; Intel Mac OS X 11_0_0) AppleWebKit/537.36 (KHTML, like Gecko) Chrome/87.0.4280.88 Safari/537.36"
5.78.70.63 - - [09/Nov/2023:21:16:45 +0000] "POST / HTTP/1.1" 200 163 "-" "Go-http-client/1.1"
::1 - - [09/Nov/2023:21:16:49 +0000] "OPTIONS * HTTP/1.0" 200 - "-" "Apache/2.4.54 (cPanel) OpenSSL/1.1.1k mod_bwlimited/1.4 (internal dummy connection)"
::1 - - [09/Nov/2023:21:16:50 +0000] "OPTIONS * HTTP/1.0" 200 - "-" "Apache/2.4.54 (cPanel) OpenSSL/1.1.1k mod_bwlimited/1.4 (internal dummy connection)"
::1 - - [09/Nov/2023:21:16:51 +0000] "OPTIONS * HTTP/1.0" 200 - "-" "Apache/2.4.54 (cPanel) OpenSSL/1.1.1k mod_bwlimited/1.4 (internal dummy connection)"
::1 - - [09/Nov/2023:21:16:52 +0000] "OPTIONS * HTTP/1.0" 200 - "-" "Apache/2.4.54 (cPanel) OpenSSL/1.1.1k mod_bwlimited/1.4 (internal dummy connection)"
::1 - - [09/Nov/2023:21:16:54 +0000] "OPTIONS * HTTP/1.0" 200 - "-" "Apache/2.4.54 (cPanel) OpenSSL/1.1.1k mod_bwlimited/1.4 (internal dummy connection)"
::1 - - [09/Nov/2023:21:16:55 +0000] "OPTIONS * HTTP/1.0" 200 - "-" "Apache/2.4.54 (cPanel) OpenSSL/1.1.1k mod_bwlimited/1.4 (internal dummy connection)"
::1 - - [09/Nov/2023:21:17:04 +0000] "OPTIONS * HTTP/1.0" 200 - "-" "Apache/2.4.54 (cPanel) OpenSSL/1.1.1k mod_bwlimited/1.4 (internal dummy connection)"
::1 - - [09/Nov/2023:21:17:05 +0000] "OPTIONS * HTTP/1.0" 200 - "-" "Apache/2.4.54 (cPanel) OpenSSL/1.1.1k mod_bwlimited/1.4 (internal dummy connection)"
::1 - - [09/Nov/2023:21:17:08 +0000] "OPTIONS * HTTP/1.0" 200 - "-" "Apache/2.4.54 (cPanel) OpenSSL/1.1.1k mod_bwlimited/1.4 (internal dummy connection)"
::1 - - [09/Nov/2023:21:17:32 +0000] "OPTIONS * HTTP/1.0" 200 - "-" "Apache/2.4.54 (cPanel) OpenSSL/1.1.1k mod_bwlimited/1.4 (internal dummy connection)"
36.99.136.136 - - [09/Nov/2023:21:17:47 +0000] "GET / HTTP/1.1" 200 163 "-" "Mozilla/5.0 (Macintosh; Intel Mac OS X 10_15_7) AppleWebKit/537.36 (KHTML, like Gecko) Chrome/96.0.4664.110 Safari/537.36"
178.131.162.181 - - [09/Nov/2023:21:17:52 +0000] "POST / HTTP/1.1" 200 163 "-" "Go-http-client/1.1"
178.131.162.181 - - [09/Nov/2023:21:17:52 +0000] "POST / HTTP/1.1" 200 163 "-" "Go-http-client/1.1"
178.131.162.181 - - [09/Nov/2023:21:17:52 +0000] "POST / HTTP/1.1" 200 163 "-" "Go-http-client/1.1"
178.131.162.181 - - [09/Nov/2023:21:17:52 +0000] "POST / HTTP/1.1" 200 163 "-" "Go-http-client/1.1"
78.38.233.237 - - [09/Nov/2023:21:17:55 +0000] "POST / HTTP/1.1" 200 163 "-" "Go-http-client/1.1"
78.38.233.237 - - [09/Nov/2023:21:17:55 +0000] "POST / HTTP/1.1" 200 163 "-" "Go-http-client/1.1"
146.70.192.180 - - [09/Nov/2023:21:17:56 +0000] "GET / HTTP/1.1" 200 163 "-" "Mozilla/5.0 (Macintosh; Intel Mac OS X 11_0_0) AppleWebKit/537.36 (KHTML, like Gecko) Chrome/87.0.4280.88 Safari/537.36"
78.38.233.237 - - [09/Nov/2023:21:17:56 +0000] "POST / HTTP/1.1" 200 163 "-" "Go-http-client/1.1"
98.98.219.29 - - [09/Nov/2023:21:17:57 +0000] "POST / HTTP/1.1" 200 163 "-" "Go-http-client/1.1"
146.70.192.180 - - [09/Nov/2023:21:18:01 +0000] "GET /cgi-sys/defaultwebpage.cgi HTTP/1.1" 200 6942 "http://ayscript.com/" "Mozilla/5.0 (Macintosh; Intel Mac OS X 11_0_0) AppleWebKit/537.36 (KHTML, like Gecko) Chrome/87.0.4280.88 Safari/537.36"
65.109.208.193 - - [09/Nov/2023:21:18:05 +0000] "POST / HTTP/1.1" 200 163 "-" "Go-http-client/1.1"
65.109.208.193 - - [09/Nov/2023:21:18:05 +0000] "POST / HTTP/1.1" 200 163 "-" "Go-http-client/1.1"
65.109.208.193 - - [09/Nov/2023:21:18:05 +0000] "POST / HTTP/1.1" 200 163 "-" "Go-http-client/1.1"
2.180.194.139 - - [09/Nov/2023:21:18:11 +0000] "POST / HTTP/1.1" 200 163 "-" "Go-http-client/1.1"
5.101.218.127 - - [09/Nov/2023:21:18:12 +0000] "POST / HTTP/1.1" 200 163 "-" "Go-http-client/1.1"
104.237.147.54 - - [09/Nov/2023:21:18:13 +0000] "POST / HTTP/1.1" 200 163 "-" "Go-http-client/1.1"
5.101.218.127 - - [09/Nov/2023:21:18:13 +0000] "POST / HTTP/1.1" 200 163 "-" "Go-http-client/1.1"
5.101.218.127 - - [09/Nov/2023:21:18:13 +0000] "POST / HTTP/1.1" 200 163 "-" "Go-http-client/1.1"
5.101.218.127 - - [09/Nov/2023:21:18:14 +0000] "POST / HTTP/1.1" 200 163 "-" "Go-http-client/1.1"
5.101.218.127 - - [09/Nov/2023:21:18:14 +0000] "POST / HTTP/1.1" 200 163 "-" "Go-http-client/1.1"
62.141.38.169 - - [09/Nov/2023:21:18:27 +0000] "POST / HTTP/1.1" 200 163 "-" "Go-http-client/1.1"
62.141.38.169 - - [09/Nov/2023:21:18:27 +0000] "POST / HTTP/1.1" 200 163 "-" "Go-http-client/1.1"
62.141.38.169 - - [09/Nov/2023:21:18:27 +0000] "POST / HTTP/1.1" 200 163 "-" "Go-http-client/1.1"
62.141.38.169 - - [09/Nov/2023:21:18:27 +0000] "POST / HTTP/1.1" 200 163 "-" "Go-http-client/1.1"
62.141.38.169 - - [09/Nov/2023:21:18:27 +0000] "POST / HTTP/1.1" 200 163 "-" "Go-http-client/1.1"
62.141.38.169 - - [09/Nov/2023:21:18:27 +0000] "POST / HTTP/1.1" 200 163 "-" "Go-http-client/1.1"
5.75.196.132 - - [09/Nov/2023:21:18:31 +0000] "POST / HTTP/1.1" 200 163 "-" "Go-http-client/1.1"
5.75.196.132 - - [09/Nov/2023:21:18:31 +0000] "POST / HTTP/1.1" 200 163 "-" "Go-http-client/1.1"
5.75.196.132 - - [09/Nov/2023:21:18:31 +0000] "POST / HTTP/1.1" 200 163 "-" "Go-http-client/1.1"
154.127.54.49 - - [09/Nov/2023:21:18:31 +0000] "GET / HTTP/1.1" 200 163 "-" "Mozilla/5.0 (Macintosh; Intel Mac OS X 10_15_7) AppleWebKit/537.36 (KHTML, like Gecko) Chrome/96.0.4664.110 Safari/537.36"
65.108.95.107 - - [09/Nov/2023:21:18:32 +0000] "POST / HTTP/1.1" 200 163 "-" "Go-http-client/1.1"
65.108.95.107 - - [09/Nov/2023:21:18:33 +0000] "POST / HTTP/1.1" 200 163 "-" "Go-http-client/1.1"
65.108.95.107 - - [09/Nov/2023:21:18:33 +0000] "POST / HTTP/1.1" 200 163 "-" "Go-http-client/1.1"
65.108.95.107 - - [09/Nov/2023:21:18:33 +0000] "POST / HTTP/1.1" 200 163 "-" "Go-http-client/1.1"
65.108.95.107 - - [09/Nov/2023:21:18:33 +0000] "POST / HTTP/1.1" 200 163 "-" "Go-http-client/1.1"
5.78.65.173 - - [09/Nov/2023:21:18:37 +0000] "POST / HTTP/1.1" 200 163 "-" "Go-http-client/1.1"
5.78.65.173 - - [09/Nov/2023:21:18:38 +0000] "POST / HTTP/1.1" 200 163 "-" "Go-http-client/1.1"
5.78.65.173 - - [09/Nov/2023:21:18:39 +0000] "POST / HTTP/1.1" 200 163 "-" "Go-http-client/1.1"
15.204.131.17 - - [09/Nov/2023:21:18:46 +0000] "POST / HTTP/1.1" 200 163 "-" "Go-http-client/1.1"
15.204.131.17 - - [09/Nov/2023:21:18:47 +0000] "POST / HTTP/1.1" 200 163 "-" "Go-http-client/1.1"
15.204.131.17 - - [09/Nov/2023:21:18:47 +0000] "POST / HTTP/1.1" 200 163 "-" "Go-http-client/1.1"
15.204.131.17 - - [09/Nov/2023:21:18:48 +0000] "POST / HTTP/1.1" 200 163 "-" "Go-http-client/1.1"
98.98.215.5 - - [09/Nov/2023:21:18:58 +0000] "POST / HTTP/1.1" 200 163 "-" "Go-http-client/1.1"
98.98.215.5 - - [09/Nov/2023:21:18:58 +0000] "POST / HTTP/1.1" 200 163 "-" "Go-http-client/1.1"
98.98.215.5 - - [09/Nov/2023:21:18:58 +0000] "POST / HTTP/1.1" 200 163 "-" "Go-http-client/1.1"
98.98.215.5 - - [09/Nov/2023:21:18:58 +0000] "POST / HTTP/1.1" 200 163 "-" "Go-http-client/1.1"
98.98.215.5 - - [09/Nov/2023:21:18:58 +0000] "POST / HTTP/1.1" 200 163 "-" "Go-http-client/1.1"
98.98.215.5 - - [09/Nov/2023:21:18:59 +0000] "POST / HTTP/1.1" 200 163 "-" "Go-http-client/1.1"
98.98.215.5 - - [09/Nov/2023:21:18:59 +0000] "POST / HTTP/1.1" 200 163 "-" "Go-http-client/1.1"
98.98.215.5 - - [09/Nov/2023:21:18:59 +0000] "POST / HTTP/1.1" 200 163 "-" "Go-http-client/1.1"
127.0.0.1 - - [09/Nov/2023:21:19:03 +0000] "GET / HTTP/1.0" 200 163 "-" "-"
154.127.54.49 - - [09/Nov/2023:21:19:04 +0000] "GET / HTTP/1.1" 200 163 "-" "Mozilla/5.0 (Macintosh; Intel Mac OS X 11_0_0) AppleWebKit/537.36 (KHTML, like Gecko) Chrome/87.0.4280.88 Safari/537.36"
154.127.54.49 - - [09/Nov/2023:21:19:05 +0000] "GET /cgi-sys/defaultwebpage.cgi HTTP/1.1" 200 6934 "http://www.dbdk.org/" "Mozilla/5.0 (Macintosh; Intel Mac OS X 11_0_0) AppleWebKit/537.36 (KHTML, like Gecko) Chrome/87.0.4280.88 Safari/537.36"
162.254.206.118 - - [09/Nov/2023:21:19:12 +0000] "POST / HTTP/1.1" 200 163 "-" "Go-http-client/1.1"
162.254.206.118 - - [09/Nov/2023:21:19:16 +0000] "POST / HTTP/1.1" 200 163 "-" "Go-http-client/1.1"
178.131.128.249 - - [09/Nov/2023:21:19:28 +0000] "POST / HTTP/1.1" 200 163 "-" "Go-http-client/1.1"
185.166.84.142 - - [09/Nov/2023:21:19:29 +0000] "GET / HTTP/1.1" 200 163 "-" "Mozilla/5.0 (Macintosh; Intel Mac OS X 10_15_7) AppleWebKit/537.36 (KHTML, like Gecko) Chrome/96.0.4664.110 Safari/537.36"
178.131.128.249 - - [09/Nov/2023:21:19:30 +0000] "POST / HTTP/1.1" 200 163 "-" "Go-http-client/1.1"
154.127.54.49 - - [09/Nov/2023:21:19:30 +0000] "GET / HTTP/1.1" 200 163 "-" "Mozilla/5.0 (Macintosh; Intel Mac OS X 11_0_0) AppleWebKit/537.36 (KHTML, like Gecko) Chrome/87.0.4280.88 Safari/537.36"
154.127.54.49 - - [09/Nov/2023:21:19:33 +0000] "GET /cgi-sys/defaultwebpage.cgi HTTP/1.1" 200 6960 "http://www.topqueencollegeky.com/" "Mozilla/5.0 (Macintosh; Intel Mac OS X 11_0_0) AppleWebKit/537.36 (KHTML, like Gecko) Chrome/87.0.4280.88 Safari/537.36"
154.127.54.49 - - [09/Nov/2023:21:19:38 +0000] "GET /favicon.ico HTTP/1.1" 404 10109 "-" "Mozilla/5.0 (Macintosh; Intel Mac OS X 10_15_7) AppleWebKit/537.36 (KHTML, like Gecko) Chrome/96.0.4664.110 Safari/537.36"
194.33.47.139 - - [09/Nov/2023:21:19:39 +0000] "POST / HTTP/1.1" 200 163 "-" "Go-http-client/1.1"
135.181.108.77 - - [09/Nov/2023:21:19:39 +0000] "POST / HTTP/1.1" 200 163 "-" "Go-http-client/1.1"
135.181.108.77 - - [09/Nov/2023:21:19:40 +0000] "POST / HTTP/1.1" 200 163 "-" "Go-http-client/1.1"
135.181.108.77 - - [09/Nov/2023:21:19:40 +0000] "POST / HTTP/1.1" 200 163 "-" "Go-http-client/1.1"
135.181.108.77 - - [09/Nov/2023:21:19:40 +0000] "POST / HTTP/1.1" 200 163 "-" "Go-http-client/1.1"
135.181.108.77 - - [09/Nov/2023:21:19:40 +0000] "POST / HTTP/1.1" 200 163 "-" "Go-http-client/1.1"
135.181.108.77 - - [09/Nov/2023:21:19:40 +0000] "POST / HTTP/1.1" 200 163 "-" "Go-http-client/1.1"
135.181.108.77 - - [09/Nov/2023:21:19:41 +0000] "POST / HTTP/1.1" 200 163 "-" "Go-http-client/1.1"
135.181.108.77 - - [09/Nov/2023:21:19:41 +0000] "POST / HTTP/1.1" 200 163 "-" "Go-http-client/1.1"
104.28.246.162 - - [09/Nov/2023:21:19:48 +0000] "POST / HTTP/1.1" 200 163 "-" "Go-http-client/1.1"
104.28.246.162 - - [09/Nov/2023:21:19:48 +0000] "POST / HTTP/1.1" 200 163 "-" "Go-http-client/1.1"
104.28.246.162 - - [09/Nov/2023:21:19:48 +0000] "POST / HTTP/1.1" 200 163 "-" "Go-http-client/1.1"
127.0.0.1 - - [09/Nov/2023:21:20:03 +0000] "GET /whm-server-status HTTP/1.0" 200 40345 "-" "-"
157.90.244.226 - - [09/Nov/2023:21:20:11 +0000] "POST / HTTP/1.1" 200 163 "-" "Go-http-client/1.1"
157.90.244.226 - - [09/Nov/2023:21:20:11 +0000] "POST / HTTP/1.1" 200 163 "-" "Go-http-client/1.1"
157.90.244.226 - - [09/Nov/2023:21:20:12 +0000] "POST / HTTP/1.1" 200 163 "-" "Go-http-client/1.1"
157.90.244.226 - - [09/Nov/2023:21:20:12 +0000] "POST / HTTP/1.1" 200 163 "-" "Go-http-client/1.1"
157.90.244.226 - - [09/Nov/2023:21:20:12 +0000] "POST / HTTP/1.1" 200 163 "-" "Go-http-client/1.1"
37.254.16.165 - - [09/Nov/2023:21:20:13 +0000] "POST / HTTP/1.1" 200 163 "-" "Go-http-client/1.1"
37.254.16.165 - - [09/Nov/2023:21:20:16 +0000] "POST / HTTP/1.1" 200 163 "-" "Go-http-client/1.1"
37.254.16.165 - - [09/Nov/2023:21:20:19 +0000] "POST / HTTP/1.1" 200 163 "-" "Go-http-client/1.1"
156.178.219.122 - - [09/Nov/2023:21:20:26 +0000] "\xa1Ys\xe9\xfd\x8a%V\x03\xb9\x03LPj \x80\xadC\x9dP\xae\xd5\x98\xf6\xb3H\t\x0e\xbe\r?\xf4 h_\x83\xbcb\xd1\x8dfU\xd9\xb4Q?\xa8\xa7T\x97I\x11\x8b\x03n\xc2\xf1\xcb\x96\xc2\xf5\x18\x7fv\xe9\x0c\xb9\xfa\xd3cP\xa7\xd5=Z\xc1\"\x7f\xc6\x07\x1a\xb7a\x825\x9b\xccHU7'\x1c*\xb2i\xac\x129\xa3\x82\xf5\x91\xba{%\x971\x1b1\x13\x9dY\xdd\x89H\xe0\xa1a\xd0\x16\x0ed\x1e\x96>\x85N\v\xf7\xf3u\x84\x0f\xa6y\xe2n\xfe\xea\xb4\x02\x9b\xd1\xd1M\xe2\xf4V:\x93n\xbcu\tg\xffH\xe9\xa1j4\xf7x\xadZ\xa1J\xb0\x90\xd9\x82p6\x05\x95m\x1a\xb2\xd5\xcc6\xaf`\xac\xa65\xb8|J\x96\x9a\xc3b\x99g\xb2\x90\xc40\x06\x9e\x82U\x99\xfb3\xcey\xe0\xae6J\x87\xe3\x18\xe3Le\x0cdF\xf6\x86\x8b\n" 400 10089 "-" "-"
172.104.132.91 - - [09/Nov/2023:21:21:13 +0000] "POST / HTTP/1.1" 200 163 "-" "Go-http-client/1.1"
172.104.132.91 - - [09/Nov/2023:21:21:13 +0000] "POST / HTTP/1.1" 200 163 "-" "Go-http-client/1.1"
172.104.132.91 - - [09/Nov/2023:21:21:14 +0000] "POST / HTTP/1.1" 200 163 "-" "Go-http-client/1.1"
172.104.132.91 - - [09/Nov/2023:21:21:14 +0000] "POST / HTTP/1.1" 200 163 "-" "Go-http-client/1.1"
172.104.132.91 - - [09/Nov/2023:21:21:14 +0000] "POST / HTTP/1.1" 200 163 "-" "Go-http-client/1.1"
172.104.132.91 - - [09/Nov/2023:21:21:16 +0000] "POST / HTTP/1.1" 200 163 "-" "Go-http-client/1.1"
5.161.114.103 - - [09/Nov/2023:21:21:18 +0000] "POST / HTTP/1.1" 200 163 "-" "Go-http-client/1.1"
154.127.54.49 - - [09/Nov/2023:21:21:50 +0000] "GET / HTTP/1.1" 200 163 "-" "Mozilla/5.0 (Macintosh; Intel Mac OS X 10_15_7) AppleWebKit/537.36 (KHTML, like Gecko) Chrome/96.0.4664.110 Safari/537.36"
185.166.84.142 - - [09/Nov/2023:21:21:55 +0000] "GET / HTTP/1.1" 200 163 "-" "Mozilla/5.0 (Macintosh; Intel Mac OS X 11_0_0) AppleWebKit/537.36 (KHTML, like Gecko) Chrome/87.0.4280.88 Safari/537.36"
185.166.84.142 - - [09/Nov/2023:21:22:01 +0000] "GET /cgi-sys/defaultwebpage.cgi HTTP/1.1" 200 6954 "http://www.groupswimgplus.com/" "Mozilla/5.0 (Macintosh; Intel Mac OS X 11_0_0) AppleWebKit/537.36 (KHTML, like Gecko) Chrome/87.0.4280.88 Safari/537.36"
154.127.54.49 - - [09/Nov/2023:21:22:06 +0000] "GET /favicon.ico HTTP/1.1" 404 10100 "-" "Mozilla/5.0 (Macintosh; Intel Mac OS X 10_15_7) AppleWebKit/537.36 (KHTML, like Gecko) Chrome/96.0.4664.110 Safari/537.36"
36.99.136.137 - - [09/Nov/2023:21:22:36 +0000] "GET / HTTP/1.1" 200 163 "-" "Mozilla/5.0 (Macintosh; Intel Mac OS X 10_15_7) AppleWebKit/537.36 (KHTML, like Gecko) Chrome/96.0.4664.110 Safari/537.36"
102.129.216.183 - - [09/Nov/2023:21:23:10 +0000] "POST / HTTP/1.1" 200 163 "-" "Go-http-client/1.1"
102.129.216.183 - - [09/Nov/2023:21:23:11 +0000] "POST / HTTP/1.1" 200 163 "-" "Go-http-client/1.1"
104.166.185.136 - - [09/Nov/2023:21:23:19 +0000] "POST / HTTP/1.1" 200 163 "-" "Go-http-client/1.1"
5.161.141.118 - - [09/Nov/2023:21:23:23 +0000] "POST / HTTP/1.1" 200 163 "-" "Go-http-client/1.1"
5.161.141.118 - - [09/Nov/2023:21:23:23 +0000] "POST / HTTP/1.1" 200 163 "-" "Go-http-client/1.1"
5.161.141.118 - - [09/Nov/2023:21:23:24 +0000] "POST / HTTP/1.1" 200 163 "-" "Go-http-client/1.1"
5.161.141.118 - - [09/Nov/2023:21:23:25 +0000] "POST / HTTP/1.1" 200 163 "-" "Go-http-client/1.1"
5.161.141.118 - - [09/Nov/2023:21:23:25 +0000] "POST / HTTP/1.1" 200 163 "-" "Go-http-client/1.1"
5.161.141.118 - - [09/Nov/2023:21:23:26 +0000] "POST / HTTP/1.1" 200 163 "-" "Go-http-client/1.1"
51.195.139.100 - - [09/Nov/2023:21:23:28 +0000] "POST / HTTP/1.1" 200 163 "-" "Go-http-client/1.1"
51.195.139.100 - - [09/Nov/2023:21:23:34 +0000] "POST / HTTP/1.1" 206 163 "-" "Go-http-client/1.1"
51.195.139.100 - - [09/Nov/2023:21:23:35 +0000] "POST / HTTP/1.1" 200 163 "-" "Go-http-client/1.1"
51.195.139.100 - - [09/Nov/2023:21:23:35 +0000] "POST / HTTP/1.1" 200 163 "-" "Go-http-client/1.1"
51.195.139.100 - - [09/Nov/2023:21:23:35 +0000] "POST / HTTP/1.1" 200 163 "-" "Go-http-client/1.1"
108.181.10.17 - - [09/Nov/2023:21:23:36 +0000] "POST / HTTP/1.1" 200 163 "-" "Go-http-client/1.1"
51.195.139.100 - - [09/Nov/2023:21:23:36 +0000] "POST / HTTP/1.1" 200 163 "-" "Go-http-client/1.1"
51.195.139.100 - - [09/Nov/2023:21:23:36 +0000] "POST / HTTP/1.1" 200 163 "-" "Go-http-client/1.1"
108.181.10.17 - - [09/Nov/2023:21:23:36 +0000] "POST / HTTP/1.1" 200 163 "-" "Go-http-client/1.1"
51.195.139.100 - - [09/Nov/2023:21:23:36 +0000] "POST / HTTP/1.1" 200 163 "-" "Go-http-client/1.1"
::1 - - [09/Nov/2023:21:23:38 +0000] "OPTIONS * HTTP/1.0" 200 - "-" "Apache/2.4.54 (cPanel) OpenSSL/1.1.1k mod_bwlimited/1.4 (internal dummy connection)"
169.197.143.172 - - [09/Nov/2023:21:23:38 +0000] "POST / HTTP/1.1" 200 163 "-" "Go-http-client/1.1"
::1 - - [09/Nov/2023:21:23:39 +0000] "OPTIONS * HTTP/1.0" 200 - "-" "Apache/2.4.54 (cPanel) OpenSSL/1.1.1k mod_bwlimited/1.4 (internal dummy connection)"
::1 - - [09/Nov/2023:21:23:40 +0000] "OPTIONS * HTTP/1.0" 200 - "-" "Apache/2.4.54 (cPanel) OpenSSL/1.1.1k mod_bwlimited/1.4 (internal dummy connection)"
142.93.220.103 - - [09/Nov/2023:21:23:42 +0000] "\x16\x03\x01" 400 10065 "-" "-"
142.93.220.103 - - [09/Nov/2023:21:23:42 +0000] "\x16\x03\x01" 400 10065 "-" "-"
142.93.220.103 - - [09/Nov/2023:21:23:43 +0000] "GET / HTTP/1.1" 200 163 "-" "Mozilla/5.0 (Windows NT 10.0; Win64; x64) AppleWebKit/537.36 (KHTML, like Gecko) Chrome/108.0.0.0 Safari/537.36"
142.93.220.103 - - [09/Nov/2023:21:23:43 +0000] "GET /form.html HTTP/1.1" 404 10072 "-" "curl/8.1.2"
142.93.220.103 - - [09/Nov/2023:21:23:43 +0000] "GET /upl.php HTTP/1.1" 404 10068 "-" "Mozilla/5.0"
142.93.220.103 - - [09/Nov/2023:21:23:43 +0000] "\x16\x03\x01" 400 10065 "-" "-"
142.93.220.103 - - [09/Nov/2023:21:23:44 +0000] "GET /geoip/ HTTP/1.1" 404 10066 "-" "Mozilla/5.0 (Windows NT 10.0; Win64; x64) AppleWebKit/537.36 (KHTML, like Gecko) Chrome/108.0.0.0 Safari/537.36"
142.93.220.103 - - [09/Nov/2023:21:23:44 +0000] "GET / HTTP/1.1" 200 163 "-" "Mozilla/5.0 (iPhone; CPU iPhone OS 13_3_1 like Mac OS X) AppleWebKit/605.1.15 (KHTML, like Gecko) Version/13.0.5 Mobile/15E148 Snapchat/10.77.0.54 (like Safari/604.1)"
142.93.220.103 - - [09/Nov/2023:21:23:44 +0000] "GET /favicon.ico HTTP/1.1" 404 10076 "-" "Mozilla/5.0 (Windows NT 10.0; Win64; x64) AppleWebKit/537.36 (KHTML, like Gecko) Chrome/108.0.0.0 Safari/537.36"
142.93.220.103 - - [09/Nov/2023:21:23:45 +0000] "GET /1.php HTTP/1.1" 404 10064 "-" "Mozilla/5.0 (Windows NT 10.0; Win64; x64) AppleWebKit/537.36 (KHTML, like Gecko) Chrome/108.0.0.0 Safari/537.36"
142.93.220.103 - - [09/Nov/2023:21:23:45 +0000] "GET /bundle.js HTTP/1.1" 404 10072 "-" "Mozilla/5.0 (Windows NT 10.0; Win64; x64) AppleWebKit/537.36 (KHTML, like Gecko) Chrome/108.0.0.0 Safari/537.36"
142.93.220.103 - - [09/Nov/2023:21:23:45 +0000] "GET /files/ HTTP/1.1" 404 10066 "-" "Mozilla/5.0 (Windows NT 10.0; Win64; x64) AppleWebKit/537.36 (KHTML, like Gecko) Chrome/108.0.0.0 Safari/537.36"
142.93.220.103 - - [09/Nov/2023:21:23:46 +0000] "GET /systembc/password.php HTTP/1.1" 404 10096 "-" "Mozilla/5.0 (Windows NT 10.0; Win64; x64) AppleWebKit/537.36 (KHTML, like Gecko) Chrome/108.0.0.0 Safari/537.36"
142.93.220.103 - - [09/Nov/2023:21:23:46 +0000] "GET /password.php HTTP/1.1" 404 10078 "-" "Mozilla/5.0 (Windows NT 10.0; Win64; x64) AppleWebKit/537.36 (KHTML, like Gecko) Chrome/108.0.0.0 Safari/537.36"
142.93.220.103 - - [09/Nov/2023:21:23:46 +0000] "GET /info.php HTTP/1.1" 404 10070 "-" "Mozilla/5.0 (Windows NT 10.0; Win64; x64) AppleWebKit/537.36 (KHTML, like Gecko) Chrome/108.0.0.0 Safari/537.36"
::1 - - [09/Nov/2023:21:23:53 +0000] "OPTIONS * HTTP/1.0" 200 - "-" "Apache/2.4.54 (cPanel) OpenSSL/1.1.1k mod_bwlimited/1.4 (internal dummy connection)"
40.233.64.224 - - [09/Nov/2023:21:24:09 +0000] "POST / HTTP/1.1" 200 163 "-" "Go-http-client/1.1"
40.233.64.224 - - [09/Nov/2023:21:24:11 +0000] "POST / HTTP/1.1" 200 163 "-" "Go-http-client/1.1"
40.233.64.224 - - [09/Nov/2023:21:24:13 +0000] "POST / HTTP/1.1" 200 163 "-" "Go-http-client/1.1"
40.233.64.224 - - [09/Nov/2023:21:24:15 +0000] "POST / HTTP/1.1" 200 163 "-" "Go-http-client/1.1"
40.233.64.224 - - [09/Nov/2023:21:24:16 +0000] "POST / HTTP/1.1" 200 163 "-" "Go-http-client/1.1"
95.162.159.95 - - [09/Nov/2023:21:24:33 +0000] "POST / HTTP/1.1" 200 163 "-" "Go-http-client/1.1"
80.71.157.220 - - [09/Nov/2023:21:24:40 +0000] "POST / HTTP/1.1" 200 163 "-" "Go-http-client/1.1"
129.146.203.53 - - [09/Nov/2023:21:24:40 +0000] "POST / HTTP/1.1" 200 163 "-" "Go-http-client/1.1"
80.71.157.220 - - [09/Nov/2023:21:24:40 +0000] "POST / HTTP/1.1" 200 163 "-" "Go-http-client/1.1"
80.71.157.220 - - [09/Nov/2023:21:24:41 +0000] "POST / HTTP/1.1" 200 163 "-" "Go-http-client/1.1"
80.71.157.220 - - [09/Nov/2023:21:24:41 +0000] "POST / HTTP/1.1" 200 163 "-" "Go-http-client/1.1"
80.71.157.220 - - [09/Nov/2023:21:24:41 +0000] "POST / HTTP/1.1" 200 163 "-" "Go-http-client/1.1"
80.71.157.220 - - [09/Nov/2023:21:24:41 +0000] "POST / HTTP/1.1" 200 163 "-" "Go-http-client/1.1"
129.146.203.53 - - [09/Nov/2023:21:24:42 +0000] "POST / HTTP/1.1" 200 163 "-" "Go-http-client/1.1"
129.146.203.53 - - [09/Nov/2023:21:24:43 +0000] "POST / HTTP/1.1" 200 163 "-" "Go-http-client/1.1"
129.146.203.53 - - [09/Nov/2023:21:24:45 +0000] "POST / HTTP/1.1" 200 163 "-" "Go-http-client/1.1"
146.190.250.241 - - [09/Nov/2023:21:24:45 +0000] "POST / HTTP/1.1" 200 163 "-" "Go-http-client/1.1"
146.190.250.241 - - [09/Nov/2023:21:24:45 +0000] "POST / HTTP/1.1" 200 163 "-" "Go-http-client/1.1"
146.190.250.241 - - [09/Nov/2023:21:24:45 +0000] "POST / HTTP/1.1" 200 163 "-" "Go-http-client/1.1"
146.190.250.241 - - [09/Nov/2023:21:24:46 +0000] "POST / HTTP/1.1" 200 163 "-" "Go-http-client/1.1"
146.190.250.241 - - [09/Nov/2023:21:24:46 +0000] "POST / HTTP/1.1" 200 163 "-" "Go-http-client/1.1"
129.146.203.53 - - [09/Nov/2023:21:24:46 +0000] "POST / HTTP/1.1" 200 163 "-" "Go-http-client/1.1"
146.190.250.241 - - [09/Nov/2023:21:24:46 +0000] "POST / HTTP/1.1" 200 163 "-" "Go-http-client/1.1"
146.190.250.241 - - [09/Nov/2023:21:24:47 +0000] "POST / HTTP/1.1" 200 163 "-" "Go-http-client/1.1"
127.0.0.1 - - [09/Nov/2023:21:25:01 +0000] "GET /whm-server-status HTTP/1.0" 200 39954 "-" "-"
95.162.215.55 - - [09/Nov/2023:21:24:56 +0000] "POST / HTTP/1.1" 200 163 "-" "Go-http-client/1.1"
::1 - - [09/Nov/2023:21:25:03 +0000] "OPTIONS * HTTP/1.0" 200 - "-" "Apache/2.4.54 (cPanel) OpenSSL/1.1.1k mod_bwlimited/1.4 (internal dummy connection)"
45.144.112.221 - - [09/Nov/2023:21:25:05 +0000] "POST / HTTP/1.1" 200 163 "-" "Go-http-client/1.1"
::1 - - [09/Nov/2023:21:25:05 +0000] "OPTIONS * HTTP/1.0" 200 - "-" "Apache/2.4.54 (cPanel) OpenSSL/1.1.1k mod_bwlimited/1.4 (internal dummy connection)"
45.144.112.221 - - [09/Nov/2023:21:25:05 +0000] "POST / HTTP/1.1" 200 163 "-" "Go-http-client/1.1"
45.144.112.221 - - [09/Nov/2023:21:25:06 +0000] "POST / HTTP/1.1" 200 163 "-" "Go-http-client/1.1"
45.144.112.221 - - [09/Nov/2023:21:25:06 +0000] "POST / HTTP/1.1" 200 163 "-" "Go-http-client/1.1"
::1 - - [09/Nov/2023:21:25:06 +0000] "OPTIONS * HTTP/1.0" 200 - "-" "Apache/2.4.54 (cPanel) OpenSSL/1.1.1k mod_bwlimited/1.4 (internal dummy connection)"
45.144.112.221 - - [09/Nov/2023:21:25:06 +0000] "POST / HTTP/1.1" 200 163 "-" "Go-http-client/1.1"
45.144.112.221 - - [09/Nov/2023:21:25:07 +0000] "POST / HTTP/1.1" 200 163 "-" "Go-http-client/1.1"
51.39.0.158 - - [09/Nov/2023:21:25:07 +0000] "POST / HTTP/1.1" 200 163 "-" "Go-http-client/1.1"
51.39.0.158 - - [09/Nov/2023:21:25:08 +0000] "POST / HTTP/1.1" 200 163 "-" "Go-http-client/1.1"
::1 - - [09/Nov/2023:21:25:08 +0000] "OPTIONS * HTTP/1.0" 200 - "-" "Apache/2.4.54 (cPanel) OpenSSL/1.1.1k mod_bwlimited/1.4 (internal dummy connection)"
51.39.0.158 - - [09/Nov/2023:21:25:08 +0000] "POST / HTTP/1.1" 200 163 "-" "Go-http-client/1.1"
51.39.0.158 - - [09/Nov/2023:21:25:09 +0000] "POST / HTTP/1.1" 200 163 "-" "Go-http-client/1.1"
51.39.0.158 - - [09/Nov/2023:21:25:10 +0000] "POST / HTTP/1.1" 200 163 "-" "Go-http-client/1.1"
51.39.0.158 - - [09/Nov/2023:21:25:10 +0000] "POST / HTTP/1.1" 200 163 "-" "Go-http-client/1.1"
93.117.187.177 - - [09/Nov/2023:21:25:15 +0000] "POST / HTTP/1.1" 200 163 "-" "Go-http-client/1.1"
93.117.187.177 - - [09/Nov/2023:21:25:15 +0000] "POST / HTTP/1.1" 200 163 "-" "Go-http-client/1.1"
93.117.187.177 - - [09/Nov/2023:21:25:16 +0000] "POST / HTTP/1.1" 200 163 "-" "Go-http-client/1.1"
::1 - - [09/Nov/2023:21:25:18 +0000] "OPTIONS * HTTP/1.0" 200 - "-" "Apache/2.4.54 (cPanel) OpenSSL/1.1.1k mod_bwlimited/1.4 (internal dummy connection)"
::1 - - [09/Nov/2023:21:25:19 +0000] "OPTIONS * HTTP/1.0" 200 - "-" "Apache/2.4.54 (cPanel) OpenSSL/1.1.1k mod_bwlimited/1.4 (internal dummy connection)"
::1 - - [09/Nov/2023:21:25:21 +0000] "OPTIONS * HTTP/1.0" 200 - "-" "Apache/2.4.54 (cPanel) OpenSSL/1.1.1k mod_bwlimited/1.4 (internal dummy connection)"
86.57.42.94 - - [09/Nov/2023:21:25:44 +0000] "POST / HTTP/1.1" 200 163 "-" "Go-http-client/1.1"
188.170.175.151 - - [09/Nov/2023:21:20:45 +0000] "POST / HTTP/1.1" 404 - "-" "Go-http-client/1.1"
146.59.234.80 - - [09/Nov/2023:21:25:55 +0000] "POST / HTTP/1.1" 200 163 "-" "Go-http-client/1.1"
146.59.234.80 - - [09/Nov/2023:21:25:55 +0000] "POST / HTTP/1.1" 200 163 "-" "Go-http-client/1.1"
146.59.234.80 - - [09/Nov/2023:21:25:56 +0000] "POST / HTTP/1.1" 200 163 "-" "Go-http-client/1.1"
146.59.234.80 - - [09/Nov/2023:21:25:56 +0000] "POST / HTTP/1.1" 200 163 "-" "Go-http-client/1.1"
146.59.234.80 - - [09/Nov/2023:21:25:56 +0000] "POST / HTTP/1.1" 200 163 "-" "Go-http-client/1.1"
185.88.140.197 - - [09/Nov/2023:21:26:33 +0000] "POST / HTTP/1.1" 200 163 "-" "Go-http-client/1.1"
185.88.140.197 - - [09/Nov/2023:21:26:34 +0000] "POST / HTTP/1.1" 200 163 "-" "Go-http-client/1.1"
185.88.140.197 - - [09/Nov/2023:21:26:34 +0000] "POST / HTTP/1.1" 200 163 "-" "Go-http-client/1.1"
185.88.140.197 - - [09/Nov/2023:21:26:34 +0000] "POST / HTTP/1.1" 200 163 "-" "Go-http-client/1.1"
185.88.140.197 - - [09/Nov/2023:21:26:35 +0000] "POST / HTTP/1.1" 200 163 "-" "Go-http-client/1.1"
185.88.140.197 - - [09/Nov/2023:21:26:35 +0000] "POST / HTTP/1.1" 200 163 "-" "Go-http-client/1.1"
185.88.140.197 - - [09/Nov/2023:21:26:35 +0000] "POST / HTTP/1.1" 200 163 "-" "Go-http-client/1.1"
98.98.166.186 - - [09/Nov/2023:21:26:49 +0000] "POST / HTTP/1.1" 200 163 "-" "Go-http-client/1.1"
98.98.166.186 - - [09/Nov/2023:21:26:50 +0000] "POST / HTTP/1.1" 200 163 "-" "Go-http-client/1.1"
98.98.166.186 - - [09/Nov/2023:21:26:50 +0000] "POST / HTTP/1.1" 200 163 "-" "Go-http-client/1.1"
98.98.166.186 - - [09/Nov/2023:21:26:51 +0000] "POST / HTTP/1.1" 200 163 "-" "Go-http-client/1.1"
98.98.166.186 - - [09/Nov/2023:21:26:51 +0000] "POST / HTTP/1.1" 200 163 "-" "Go-http-client/1.1"
98.98.166.186 - - [09/Nov/2023:21:26:52 +0000] "POST / HTTP/1.1" 200 163 "-" "Go-http-client/1.1"
98.98.219.107 - - [09/Nov/2023:21:26:51 +0000] "POST / HTTP/1.1" 200 163 "-" "Go-http-client/1.1"
98.98.166.186 - - [09/Nov/2023:21:26:52 +0000] "POST / HTTP/1.1" 200 163 "-" "Go-http-client/1.1"
